{"id":2415,"date":"2019-04-28T14:40:37","date_gmt":"2019-04-28T13:40:37","guid":{"rendered":"http:\/\/gym-grandson.ch\/gymgrandson\/?page_id=2415"},"modified":"2025-04-14T19:49:46","modified_gmt":"2025-04-14T18:49:46","slug":"course-des-quais","status":"publish","type":"page","link":"https:\/\/gym-grandson.ch\/gymgrandson\/course-des-quais\/","title":{"rendered":"Course des Quais"},"content":{"rendered":"<h1 style=\"font-size: 24px; font-weight: bold; color: #000000; text-align: center; width: 100%; margin-top: 20px; margin-bottom: 20px;\"><span style=\"background-color: #ffffff; color: #ff0000;\"><a style=\"background-color: #ffffff; color: #ff0000;\" href=\"https:\/\/ehro.app\/o\/gym-grandson\/\">&gt;Inscription b\u00e9n\u00e9voles &lt;<\/a><\/span><\/h1>\n<h1 style=\"font-size: 24px; font-weight: bold; color: #000000; text-align: center; width: 100%; margin-top: 20px; margin-bottom: 20px;\"><span style=\"background-color: #ffffff; color: #ff0000;\"><a style=\"background-color: #ffffff; color: #01b0f0 !important; font-size: 32px;\" href=\"https:\/\/juradefichrono.ch\/formulaire2023.php?NbrEtape=1&amp;DateCourse=2025-07-04&amp;Etape=1&amp;NomCourse=Course+des+Quais++-+Soci%C3%A9t%C3%A9+de+Gymnastique+de+Grandson&amp;ID=141\">&gt;Inscription 2025 en ligne &lt;<\/a><\/span><\/h1>\n<p><!--\n\n\n<div style=\"font-size: 24px; font-weight: bold; color: #FF0000; text-align: center; width: 100%; margin-top: 20px; margin-bottom: 20px;\">Inscription sur place uniquement<\/div>\n\n\n--><!--\n\n\n<div style=\"font-size: 48px; font-weight: bold; color: #000000; text-align: center; width: 100%; margin-top: 20px; margin-bottom: 20px;\"><a style=\"color: #01b0f0 !important;\" href=\"https:\/\/juradefichrono.ch\/listeV2.php?Etape=0&amp;NbrEtape=1&amp;DateCourse=2024-06-21&amp;NomCourse=Course+des+Quais++-+Soci%C3%A9t%C3%A9+de+Gymnastique+de+Grandson\"> &gt; R\u00e9sultats &lt;<\/a><\/div>\n\n\n--><\/p>\n<table style=\"color: #000000; font-size: 24px; text-align: left; width: 100%; height: 2147px;\">\n<tbody>\n<tr style=\"height: 36px;\">\n<td style=\"font-weight: bold; height: 36px; width: 21.0714%;\">Date:<\/td>\n<td style=\"height: 36px; width: 77.9762%;\">04.07.2025<\/td>\n<\/tr>\n<tr style=\"height: 36px;\">\n<td style=\"font-weight: bold; height: 36px; width: 21.0714%;\">Lieu :<\/td>\n<td style=\"height: 36px; width: 77.9762%;\">Grandson<\/td>\n<\/tr>\n<tr style=\"height: 36px;\">\n<td style=\"font-weight: bold; height: 36px; width: 21.0714%;\">D\u00e9part :<\/td>\n<td style=\"height: 36px; width: 77.9762%;\">D\u00e9barcad\u00e8re du Cercle de la Voile<\/td>\n<\/tr>\n<tr style=\"height: 68px;\">\n<td style=\"font-weight: bold; height: 68px; width: 21.0714%;\">Parcours :<\/td>\n<td style=\"height: 68px; width: 77.9762%;\">Ouvert \u00e0 tous dans le cadre idyllique des rives du lac de Neuch\u00e2tel.<\/td>\n<\/tr>\n<tr style=\"height: 788px;\">\n<td style=\"height: 788px; width: 99.0476%;\" colspan=\"2\">\n<table style=\"margin-left: auto; margin-right: auto; width: 100%; height: 820px;\">\n<tbody>\n<tr style=\"height: 477px;\">\n<td style=\"height: 477px;\"><img loading=\"lazy\" decoding=\"async\" class=\"alignnone wp-image-2814\" src=\"https:\/\/gym-grandson.ch\/gymgrandson\/wp-content\/uploads\/2023\/02\/Parcours-10km.png\" alt=\"\" width=\"400\" height=\"294\" \/><i><\/i><i>Parcours 10km<\/i><\/td>\n<td style=\"height: 477px;\"><img loading=\"lazy\" decoding=\"async\" class=\"alignnone wp-image-2815\" src=\"https:\/\/gym-grandson.ch\/gymgrandson\/wp-content\/uploads\/2023\/02\/Parcours-enfants-4-km.png\" alt=\"\" width=\"400\" height=\"262\" \/><i><\/i><i>Parcours 4km<\/i><\/td>\n<\/tr>\n<tr style=\"height: 343px;\">\n<td style=\"height: 343px;\"><img loading=\"lazy\" decoding=\"async\" class=\"alignnone wp-image-2816\" src=\"https:\/\/gym-grandson.ch\/gymgrandson\/wp-content\/uploads\/2023\/02\/Parcours-enfants-2km.png\" alt=\"\" width=\"400\" height=\"342\" \/><i><\/i><i>Parcours 2km<\/i><\/td>\n<td style=\"height: 343px;\"><img loading=\"lazy\" decoding=\"async\" class=\"alignnone wp-image-2817\" src=\"https:\/\/gym-grandson.ch\/gymgrandson\/wp-content\/uploads\/2023\/02\/Parcours_1_km.jpeg\" alt=\"\" width=\"400\" height=\"392\" \/><i><\/i><i>Parcours 1km<\/i><\/td>\n<\/tr>\n<\/tbody>\n<\/table>\n<\/td>\n<\/tr>\n<tr style=\"height: 68px;\">\n<td style=\"font-weight: bold; height: 68px; width: 21.0714%;\">Distances :<\/td>\n<td style=\"height: 68px; width: 77.9762%;\">1,2,4 et 10km &amp; 10km pour le Nordic Walking. Distance adapt\u00e9e pour les enfants.<\/td>\n<\/tr>\n<tr style=\"height: 36px;\">\n<td style=\"font-weight: bold; height: 36px; width: 21.0714%;\">Cat\u00e9gories :<\/td>\n<td style=\"height: 36px; width: 77.9762%;\"><\/td>\n<\/tr>\n<tr style=\"height: 386px;\">\n<td style=\"height: 386px; width: 99.0476%;\" colspan=\"2\">\n<table class=\"table_course2\" style=\"width: 100%; height: 909px;\">\n<tbody>\n<tr style=\"font-weight: bold;\">\n<td style=\"width: 28.1928%; height: 62px;\">Ann\u00e9e de naissance<\/td>\n<td style=\"width: 7.3494%; height: 62px;\">Filles<\/td>\n<td style=\"width: 11.4458%; height: 62px;\">Gar\u00e7ons<\/td>\n<td style=\"width: 31.4458%; height: 62px;\">Distance<\/td>\n<td style=\"width: 9.87952%; height: 62px;\">D\u00e9part<\/td>\n<td style=\"width: 9.75904%; height: 62px;\">Frais<\/td>\n<\/tr>\n<tr style=\"background-color: #7fc6bc;\">\n<td style=\"width: 28.1928%; height: 62px;\">2006 \u2013 2009 (16-19 ans)<\/td>\n<td style=\"width: 7.3494%; height: 62px;\">1<\/td>\n<td style=\"width: 11.4458%; height: 62px;\">7<\/td>\n<td style=\"width: 31.4458%; height: 62px;\">10km<\/td>\n<td style=\"width: 9.87952%; height: 62px;\">19h00<\/td>\n<td style=\"width: 9.75904%; height: 62px;\">CHF 25.-<\/td>\n<\/tr>\n<tr style=\"background-color: #7fc6bc;\">\n<td style=\"width: 28.1928%; height: 62px;\">1996 \u2013 2005 (20-29 ans)<\/td>\n<td style=\"width: 7.3494%; height: 62px;\">2<\/td>\n<td style=\"width: 11.4458%; height: 62px;\">8<\/td>\n<td style=\"width: 31.4458%; height: 62px;\">10km<\/td>\n<td style=\"width: 9.87952%; height: 62px;\">19h00<\/td>\n<td style=\"width: 9.75904%; height: 62px;\">CHF 25.-<\/td>\n<\/tr>\n<tr style=\"background-color: #7fc6bc;\">\n<td style=\"width: 28.1928%; height: 62px;\">1986 \u2013 1995 (30-39 ans)<\/td>\n<td style=\"width: 7.3494%; height: 62px;\">3<\/td>\n<td style=\"width: 11.4458%; height: 62px;\">9<\/td>\n<td style=\"width: 31.4458%; height: 62px;\">10km<\/td>\n<td style=\"width: 9.87952%; height: 62px;\">19h00<\/td>\n<td style=\"width: 9.75904%; height: 62px;\">CHF 25.-<\/td>\n<\/tr>\n<tr style=\"background-color: #7fc6bc;\">\n<td style=\"width: 28.1928%; height: 62px;\">1976 \u2013 1985 (40-49 ans)<\/td>\n<td style=\"width: 7.3494%; height: 62px;\">4<\/td>\n<td style=\"width: 11.4458%; height: 62px;\">10<\/td>\n<td style=\"width: 31.4458%; height: 62px;\">10km<\/td>\n<td style=\"width: 9.87952%; height: 62px;\">19h00<\/td>\n<td style=\"width: 9.75904%; height: 62px;\">CHF 25.-<\/td>\n<\/tr>\n<tr style=\"background-color: #7fc6bc;\">\n<td style=\"width: 28.1928%; height: 62px;\">1966 \u2013 1975 (50-59 ans)<\/td>\n<td style=\"width: 7.3494%; height: 62px;\">5<\/td>\n<td style=\"width: 11.4458%; height: 62px;\">11<\/td>\n<td style=\"width: 31.4458%; height: 62px;\">10km<\/td>\n<td style=\"width: 9.87952%; height: 62px;\">19h00<\/td>\n<td style=\"width: 9.75904%; height: 62px;\">CHF 25.-<\/td>\n<\/tr>\n<tr style=\"background-color: #7fc6bc;\">\n<td style=\"width: 28.1928%; height: 62px;\">1965 et \u2013 (60 ans et +)<\/td>\n<td style=\"width: 7.3494%; height: 62px;\">6<\/td>\n<td style=\"width: 11.4458%; height: 62px;\">12<\/td>\n<td style=\"width: 31.4458%; height: 62px;\">10km<\/td>\n<td style=\"width: 9.87952%; height: 62px;\">19h00<\/td>\n<td style=\"width: 9.75904%; height: 62px;\">CHF 25.-<\/td>\n<\/tr>\n<tr style=\"background-color: #f6e497;\">\n<td style=\"width: 28.1928%; height: 72px;\">Minimum 8 ans<\/td>\n<td style=\"width: 18.7952%; height: 72px; text-align: center;\" colspan=\"2\">13<\/td>\n<td style=\"width: 31.4458%; height: 72px;\">Walking &amp; Nordic walking 10 km<\/td>\n<td style=\"width: 9.87952%; height: 72px;\">17h45<\/td>\n<td style=\"width: 9.75904%; height: 72px;\">CHF 25.-<\/td>\n<\/tr>\n<tr style=\"background-color: #b5e655;\">\n<td style=\"width: 28.1928%; height: 62px;\">2010 \u2013 2011 (14-15 ans)<\/td>\n<td style=\"width: 7.3494%; height: 62px;\">14<\/td>\n<td style=\"width: 11.4458%; height: 62px;\">20<\/td>\n<td style=\"width: 31.4458%; height: 62px;\">4km<\/td>\n<td style=\"width: 9.87952%; height: 62px;\">18h35<\/td>\n<td style=\"width: 9.75904%; height: 62px;\">CHF 10.-<\/td>\n<\/tr>\n<tr style=\"background-color: #b5e655;\">\n<td style=\"width: 28.1928%; height: 62px;\">2012 \u2013 2013 (12-13 ans)<\/td>\n<td style=\"width: 7.3494%; height: 62px;\">15<\/td>\n<td style=\"width: 11.4458%; height: 62px;\">21<\/td>\n<td style=\"width: 31.4458%; height: 62px;\">4km<\/td>\n<td style=\"width: 9.87952%; height: 62px;\">18h35<\/td>\n<td style=\"width: 9.75904%; height: 62px;\">CHF 10.-<\/td>\n<\/tr>\n<tr style=\"background-color: #b5e655;\">\n<td style=\"width: 28.1928%; height: 62px;\">2014 \u2013 2015 (10-11 ans)<\/td>\n<td style=\"width: 7.3494%; height: 62px;\">16<\/td>\n<td style=\"width: 11.4458%; height: 62px;\">22<\/td>\n<td style=\"width: 31.4458%; height: 62px;\">2km<\/td>\n<td style=\"width: 9.87952%; height: 62px;\">18h15<\/td>\n<td style=\"width: 9.75904%; height: 62px;\">CHF 10.-<\/td>\n<\/tr>\n<tr style=\"background-color: #b5e655;\">\n<td style=\"width: 28.1928%; height: 62px;\">2016 \u2013 2017 (8-9 ans)<\/td>\n<td style=\"width: 7.3494%; height: 62px;\">17<\/td>\n<td style=\"width: 11.4458%; height: 62px;\">23<\/td>\n<td style=\"width: 31.4458%; height: 62px;\">2km<\/td>\n<td style=\"width: 9.87952%; height: 62px;\">17h55<\/td>\n<td style=\"width: 9.75904%; height: 62px;\">CHF 10.-<\/td>\n<\/tr>\n<tr style=\"background-color: #b5e655;\">\n<td style=\"width: 28.1928%; height: 62px;\">2018 \u2013 2019 (6-7 ans)<\/td>\n<td style=\"width: 7.3494%; height: 62px;\">18<\/td>\n<td style=\"width: 11.4458%; height: 62px;\">24<\/td>\n<td style=\"width: 31.4458%; height: 62px;\">1km<\/td>\n<td style=\"width: 9.87952%; height: 62px;\">17h30<\/td>\n<td style=\"width: 9.75904%; height: 62px;\">CHF 10.-<\/td>\n<\/tr>\n<tr style=\"background-color: #b5e655;\">\n<td style=\"width: 28.1928%; height: 93px;\">2020 \u2013 2025 (5 ans et moins)<\/td>\n<td style=\"height: 93px; width: 7.3494%; text-align: left;\">19<\/td>\n<td style=\"width: 11.4458%; text-align: left;\">25<\/td>\n<td style=\"width: 31.4458%; height: 93px;\">1km<\/td>\n<td style=\"width: 9.87952%; height: 93px;\">17h30<\/td>\n<td style=\"width: 9.75904%; height: 93px;\">CHF 10.-<\/td>\n<\/tr>\n<\/tbody>\n<\/table>\n<\/td>\n<\/tr>\n<tr style=\"height: 132px;\">\n<td style=\"font-weight: bold; height: 117px; width: 21.0714%;\">Inscriptions :<\/td>\n<td style=\"height: 117px; width: 77.9762%; text-align: left;\">En ligne sur www.gym-grandson.ch jusqu\u2019au 30 juin 2025 \u00e0 minuit.<br \/>\nInscription tardive possible jusqu\u2019\u00e0 1 heure avant le d\u00e9part moyennant une majoration de CHF 10.-<\/td>\n<\/tr>\n<tr style=\"height: 68px;\">\n<td style=\"font-weight: bold; height: 68px; width: 21.0714%;\">Dossards :<\/td>\n<td style=\"height: 68px; width: 77.9762%; text-align: left;\">Dossard avec carte \u00e0 puce \u00e0 venir chercher \u00e0 la place de f\u00eate (pancarte inscription).<\/td>\n<\/tr>\n<tr style=\"height: 100px;\">\n<td style=\"font-weight: bold; height: 100px; width: 21.0714%;\">Prix :<\/td>\n<td style=\"height: 100px; width: 77.9762%; text-align: left;\">Chaque participant recevra un prix souvenir. C\u00e9r\u00e9monie du podium pour les trois premiers de chaque cat\u00e9gorie :<\/p>\n<ul>\n<li>Cadeaux aux cat\u00e9gories 1 \u00e0 12.<\/li>\n<li>M\u00e9daille aux cat\u00e9gories jeunesses 14 \u00e0 25<\/li>\n<\/ul>\n<\/td>\n<\/tr>\n<tr style=\"height: 68px;\">\n<td style=\"font-weight: bold; height: 68px; width: 21.0714%;\">Assurance :<\/td>\n<td style=\"height: 68px; width: 77.9762%; text-align: left;\">L\u2019assurance est l\u2019affaire de chacun. L\u2019organisation d\u00e9cline toute responsabilit\u00e9 en cas d\u2019accident,<br \/>\nde dommage ou vol.<\/td>\n<\/tr>\n<tr style=\"height: 68px;\">\n<td style=\"font-weight: bold; height: 68px; width: 21.0714%;\">Infirmerie :<\/td>\n<td style=\"height: 68px; width: 77.9762%; text-align: left;\">Une \u00e9quipe de samaritain se trouve dans l\u2019enceinte de la place de f\u00eate.<\/td>\n<\/tr>\n<tr style=\"height: 68px;\">\n<td style=\"font-weight: bold; height: 68px; width: 21.0714%;\">R\u00e9sultats :<\/td>\n<td style=\"height: 68px; width: 77.9762%; text-align: left;\">Cat\u00e9gories Jeunesse 14 \u00e0 25 : d\u00e8s 19h15<\/td>\n<\/tr>\n<tr style=\"height: 68px;\">\n<td style=\"font-weight: bold; height: 68px; width: 21.0714%;\">Vestiaires et douches<\/td>\n<td style=\"height: 68px; width: 77.9762%; text-align: left;\">Rien d\u2019organis\u00e9 officiellement.<\/td>\n<\/tr>\n<tr style=\"height: 100px;\">\n<td style=\"font-weight: bold; height: 100px; width: 21.0714%;\">Contacts :<\/td>\n<td style=\"height: 100px; width: 77.9762%; text-align: left;\">Jonathan Payot (jonathan.payot@gmail.com ou 076 392 35 70)<\/td>\n<\/tr>\n<tr style=\"height: 36px;\">\n<td style=\"font-weight: bold; height: 36px; width: 21.0714%;\">Organisation :<\/td>\n<td style=\"height: 36px; width: 77.9762%; text-align: left;\">Gym Grandson www-gym-grandson.ch<\/td>\n<\/tr>\n<\/tbody>\n<\/table>\n<div><\/div>\n<div><\/div>\n<div><\/div>\n<div style=\"font-size: 48px; font-weight: bold; color: #000000; text-align: center; width: 100%; margin-top: 20px; margin-bottom: 20px;\"><\/div>\n<div><\/div>\n","protected":false},"excerpt":{"rendered":"<p>&gt;Inscription b\u00e9n\u00e9voles &lt; &gt;Inscription 2025 en ligne &lt; Date: 04.07.2025 Lieu : Grandson D\u00e9part : D\u00e9barcad\u00e8re du Cercle de la Voile Parcours : Ouvert \u00e0 tous dans le cadre idyllique des rives du lac de Neuch\u00e2tel. Parcours 10km Parcours 4km Parcours 2km Parcours 1km Distances : 1,2,4 et 10km &amp; 10km pour le Nordic Walking.30<\/p>\n","protected":false},"author":1,"featured_media":0,"parent":0,"menu_order":0,"comment_status":"closed","ping_status":"closed","template":"page-fullwidth.php","meta":{"footnotes":""},"class_list":["post-2415","page","type-page","status-publish","hentry"],"_links":{"self":[{"href":"https:\/\/gym-grandson.ch\/gymgrandson\/wp-json\/wp\/v2\/pages\/2415","targetHints":{"allow":["GET"]}}],"collection":[{"href":"https:\/\/gym-grandson.ch\/gymgrandson\/wp-json\/wp\/v2\/pages"}],"about":[{"href":"https:\/\/gym-grandson.ch\/gymgrandson\/wp-json\/wp\/v2\/types\/page"}],"author":[{"embeddable":true,"href":"https:\/\/gym-grandson.ch\/gymgrandson\/wp-json\/wp\/v2\/users\/1"}],"replies":[{"embeddable":true,"href":"https:\/\/gym-grandson.ch\/gymgrandson\/wp-json\/wp\/v2\/comments?post=2415"}],"version-history":[{"count":92,"href":"https:\/\/gym-grandson.ch\/gymgrandson\/wp-json\/wp\/v2\/pages\/2415\/revisions"}],"predecessor-version":[{"id":3172,"href":"https:\/\/gym-grandson.ch\/gymgrandson\/wp-json\/wp\/v2\/pages\/2415\/revisions\/3172"}],"wp:attachment":[{"href":"https:\/\/gym-grandson.ch\/gymgrandson\/wp-json\/wp\/v2\/media?parent=2415"}],"curies":[{"name":"wp","href":"https:\/\/api.w.org\/{rel}","templated":true}]}}