{"id":2654,"date":"2021-08-08T19:49:37","date_gmt":"2021-08-08T18:49:37","guid":{"rendered":"http:\/\/gym-grandson.ch\/gymgrandson\/?page_id=2654"},"modified":"2021-08-09T13:26:29","modified_gmt":"2021-08-09T12:26:29","slug":"groupe-agres-c4-societe","status":"publish","type":"page","link":"https:\/\/gym-grandson.ch\/gymgrandson\/groupe\/groupe-agres-c4-societe\/","title":{"rendered":"Groupe Agr\u00e8s individuel comp\u00e9titions C4 ainsi qu\u2019agr\u00e8s de soci\u00e9t\u00e9"},"content":{"rendered":"\n<p><strong>\u00c2ge: <\/strong><span data-contrast=\"none\">Groupe \u00e0 \u00e9valuer selon l\u2019\u00e2ge et le niveau du gymnaste, merci de contacter un moniteur<\/span><\/p>\n<p><strong>Lieu:<\/strong> <span class=\"TextRun  BCX2 SCXW9268996\" lang=\"FR-CH\" xml:lang=\"FR-CH\" data-contrast=\"none\"><span class=\"NormalTextRun  BCX2 SCXW9268996\">Centre Sportif de Born\u00e9-<\/span><span class=\"NormalTextRun  BCX2 SCXW9268996\">Nau<\/span><\/span><\/p>\n<p><strong>Horaires\u202f:\u00a0<\/strong><span data-ccp-props=\"{&quot;335551550&quot;:6,&quot;335551620&quot;:6}\">\u00a0<\/span><\/p>\n<ul>\n<li data-leveltext=\"\uf0b7\" data-font=\"Symbol\" data-listid=\"3\" aria-setsize=\"-1\" data-aria-posinset=\"1\" data-aria-level=\"1\"><span data-contrast=\"none\">Agr\u00e8s individuel\u202f: le mercredi de 19h15 \u00e0 20h30 et le vendredi de 18h30 \u00e0 20h<\/span><span data-ccp-props=\"{&quot;134233279&quot;:true,&quot;335551550&quot;:6,&quot;335551620&quot;:6}\">00<\/span><\/li>\n<li data-leveltext=\"\uf0b7\" data-font=\"Symbol\" data-listid=\"3\" aria-setsize=\"-1\" data-aria-posinset=\"2\" data-aria-level=\"1\"><span data-contrast=\"none\">Agr\u00e8s de soci\u00e9t\u00e9\u202f: le vendredi de 18h30 \u00e0 20h00<\/span><\/li>\n<\/ul>\n<p><span data-contrast=\"none\"><strong>Descriptif\u202f:<\/strong>\u00a0<\/span><span data-contrast=\"none\">Ce groupe a deux objectifs\u202f: la gymnastique aux agr\u00e8s individuel et la gymnastique aux agr\u00e8s de soci\u00e9t\u00e9.\u00a0<\/span><span data-ccp-props=\"{&quot;335551550&quot;:6,&quot;335551620&quot;:6}\">\u00a0<\/span><\/p>\n<p><span data-contrast=\"none\">La gymnastique aux agr\u00e8s individuel se pratique sur 5 engins lors des comp\u00e9titions (le sol, la barre fixe, le saut, les anneaux pour les filles et les barres parall\u00e8les en plus pour les gar\u00e7ons).\u00a0<\/span><span data-ccp-props=\"{&quot;335551550&quot;:6,&quot;335551620&quot;:6}\">\u00a0<\/span><\/p>\n<p><span data-contrast=\"none\">Les comp\u00e9titions et deux entrainements sont obligatoires pour tous les gymnastes souhaitant prendre part aux comp\u00e9titions individuelles.<\/span><span data-ccp-props=\"{&quot;335551550&quot;:6,&quot;335551620&quot;:6}\">\u00a0<\/span><\/p>\n<p><span data-contrast=\"none\">La gymnastique aux agr\u00e8s de soci\u00e9t\u00e9 se pratique en groupe et en musique sur un ou plusieurs engins cit\u00e9s ci-dessus. Les gymnastes voulant prendre part uniquement aux concours de soci\u00e9t\u00e9 s\u2019entrainent tous les vendredis de 18h30 \u00e0 20h.\u00a0<\/span><span data-ccp-props=\"{&quot;335551550&quot;:6,&quot;335551620&quot;:6}\">\u00a0<\/span><\/p>\n<p><span data-contrast=\"none\">Le groupe participe \u00e9galement aux diff\u00e9rentes activit\u00e9s de la soci\u00e9t\u00e9 dont la soir\u00e9e de gymnastique.\u00a0<\/span><span data-ccp-props=\"{&quot;335551550&quot;:6,&quot;335551620&quot;:6}\">\u00a0<\/span><\/p>\n<p><strong>Contact\u202f: <\/strong><span data-contrast=\"none\">Jonathan Payot \u2013 076 392 35 70 <a href=\"mailto:jonathan.payot@gmail.com\">jonathan.payot@gmail.com<\/a> &amp; Morgane Stoebener \u2013 078 810 74 67<\/span><span data-ccp-props=\"{&quot;335551550&quot;:6,&quot;335551620&quot;:6}\">\u00a0morganesto@hotmail.com<\/span><\/p>\n","protected":false},"excerpt":{"rendered":"<p>\u00c2ge: Groupe \u00e0 \u00e9valuer selon l\u2019\u00e2ge et le niveau du gymnaste, merci de contacter un moniteur Lieu: Centre Sportif de Born\u00e9-Nau Horaires\u202f:\u00a0\u00a0 Agr\u00e8s individuel\u202f: le mercredi de 19h15 \u00e0 20h30 et le vendredi de 18h30 \u00e0 20h00 Agr\u00e8s de soci\u00e9t\u00e9\u202f: le vendredi de 18h30 \u00e0 20h00 Descriptif\u202f:\u00a0Ce groupe a deux objectifs\u202f: la gymnastique aux agr\u00e8s30<\/p>\n","protected":false},"author":1,"featured_media":0,"parent":37,"menu_order":0,"comment_status":"closed","ping_status":"closed","template":"page-fullwidth.php","meta":{"footnotes":""},"class_list":["post-2654","page","type-page","status-publish","hentry"],"_links":{"self":[{"href":"https:\/\/gym-grandson.ch\/gymgrandson\/wp-json\/wp\/v2\/pages\/2654","targetHints":{"allow":["GET"]}}],"collection":[{"href":"https:\/\/gym-grandson.ch\/gymgrandson\/wp-json\/wp\/v2\/pages"}],"about":[{"href":"https:\/\/gym-grandson.ch\/gymgrandson\/wp-json\/wp\/v2\/types\/page"}],"author":[{"embeddable":true,"href":"https:\/\/gym-grandson.ch\/gymgrandson\/wp-json\/wp\/v2\/users\/1"}],"replies":[{"embeddable":true,"href":"https:\/\/gym-grandson.ch\/gymgrandson\/wp-json\/wp\/v2\/comments?post=2654"}],"version-history":[{"count":3,"href":"https:\/\/gym-grandson.ch\/gymgrandson\/wp-json\/wp\/v2\/pages\/2654\/revisions"}],"predecessor-version":[{"id":2674,"href":"https:\/\/gym-grandson.ch\/gymgrandson\/wp-json\/wp\/v2\/pages\/2654\/revisions\/2674"}],"up":[{"embeddable":true,"href":"https:\/\/gym-grandson.ch\/gymgrandson\/wp-json\/wp\/v2\/pages\/37"}],"wp:attachment":[{"href":"https:\/\/gym-grandson.ch\/gymgrandson\/wp-json\/wp\/v2\/media?parent=2654"}],"curies":[{"name":"wp","href":"https:\/\/api.w.org\/{rel}","templated":true}]}}